 is the remainder when 33029 is divided by 79?
7
Calculate the remainder when 143131 is divided by 504.
499
Calculate the remainder when 1470 is divided by 153.
93
Calculate the remainder when 44099 is divided by 7348.
11
What is the remainder when 1126 is divided by 699?
427
What is the remainder when 130434 is divided by 32605?
14
Calculate the remainder when 9894 is divided by 75.
69
What is the remainder when 26544 is divided by 2410?
34
Calculate the remainder when 99275 is divided by 1103.
5
What is the remainder when 171862 is divided by 462?
460
What is the remainder when 27876 is divided by 781?
541
What is the remainder when 1430 is divided by 455?
65
Calculate the remainder when 508387 is divided by 92.
87
Calculate the remainder when 204730 is divided by 1050.
1030
Calculate the remainder when 1367 is divided by 555.
257
Calculate the remainder when 3838 is divided by 511.
261
What is the remainder when 13709 is divided by 409?
212
Calculate the remainder when 42535 is divided by 230.
215
Calculate the remainder when 6929 is divided by 225.
179
Calculate the remainder when 143595 is divided by 16.
11
Calculate the remainder when 11804 is divided by 2948.
12
Calculate the remainder when 122154 is divided by 371.
95
Calculate the remainder when 1510158 is divided by 43.
41
Calculate the remainder when 20889 is divided by 486.
477
Calculate the remainder when 241 is divided by 125.
116
What is the remainder when 10371 is divided by 5179?
13
What is the remainder when 131123 is divided by 5?
3
What is the remainder when 3244 is divided by 69?
1
Calculate the remainder when 234521 is divided by 43.
42
Calculate the remainder when 4629 is divided by 154.
9
Calculate the remainder when 117347 is divided by 6175.
22
What is the remainder when 37064 is divided by 2470?
14
Calculate the remainder when 35872 is divided by 215.
182
Calculate the remainder when 1512934 is divided by 72.
70
What is the remainder when 97548 is divided by 364?
360
Calculate the remainder when 1098853 is divided by 15.
13
What is the remainder when 272572 is divided by 19?
17
Calculate the remainder when 24176 is divided by 29.
19
What is the remainder when 790 is divided by 201?
187
Calculate the remainder when 1852 is divided by 366.
22
Calculate the remainder when 59897 is divided by 192.
185
Calculate the remainder when 1440 is divided by 410.
210
What is the remainder when 1844 is divided by 1379?
465
What is the remainder when 34092 is divided by 70?
2
Calculate the remainder when 189172 is divided by 13.
9
Calculate the remainder when 884854 is divided by 184.
182
Calculate the remainder when 27106 is divided by 30.
16
What is the remainder when 8097 is divided by 383?
54
What is the remainder when 26543 is divided by 28?
27
What is the remainder when 145150 is divided by 47?
14
What is the remainder when 711578 is divided by 4?
2
What is the remainder when 24887 is divided by 51?
50
What is the remainder when 9744 is divided by 1234?
1106
Calculate the remainder when 51501 is divided by 316.
309
What is the remainder when 8959 is divided by 5?
4
What is the remainder when 9175 is divided by 74?
73
What is the remainder when 5940 is divided by 5822?
118
What is the remainder when 2092 is divided by 172?
28
Calculate the remainder when 2749 is divided by 4.
1
Calculate the remainder when 83131 is divided by 196.
27
What is the remainder when 5400 is divided by 49?
10
What is the remainder when 7216 is divided by 3592?
32
Calculate the remainder when 44146 is divided by 198.
190
Calculate the remainder when 1559717 is divided by 23.
18
What is the remainder when 1480 is divided by 402?
274
Calculate the remainder when 54602 is divided by 700.
2
Calculate the remainder when 2236 is divided by 832.
572
Calculate the remainder when 30512 is divided by 898.
878
What is the remainder when 2531 is divided by 787?
170
Calculate the remainder when 2723 is divided by 389.
0
Calculate the remainder when 10572 is divided by 459.
15
Calculate the remainder when 2305587 is divided by 1271.
1264
Calculate the remainder when 28795 is divided by 30.
25
What is the remainder when 233982 is divided by 457?
455
Calculate the remainder when 317068 is divided by 217.
31
What is the remainder when 27540 is divided by 9113?
201
What is the remainder when 12779 is divided by 912?
11
What is the remainder when 22098 is divided by 166?
20
Calculate the remainder when 4793 is divided by 258.
149
What is the remainder when 5519 is divided by 40?
39
What is the remainder when 13680 is divided by 13660?
20
Calculate the remainder when 5059 is divided by 29.
13
What is the remainder when 38238 is divided by 12593?
459
What is the remainder when 596485 is divided by 68?
57
What is the remainder when 104 is divided by 54?
50
What is the remainder when 1658 is divided by 151?
148
Calculate the remainder when 9141 is divided by 766.
715
Calculate the remainder when 1926 is divided by 271.
29
Calculate the remainder when 507190 is divided by 27.
22
Calculate the remainder when 303 is divided by 47.
21
What is the remainder when 5856057 is divided by 15?
12
What is the remainder when 26355 is divided by 31?
5
What is the remainder when 11347 is divided by 23?
8
What is the remainder when 5040 is divided by 2399?
242
Calculate the remainder when 105946 is divided by 130.
126
What is the remainder when 2155 is divided by 726?
703
What is the remainder when 189561 is divided by 3868?
29
Calculate the remainder when 25091 is divided by 2785.
26
Calculate the remainder when 281193 is divided by 219.
216
What is the remainder when 16473 is divided by 1097?
18
What is the remainder when 14946 is divided by 164?
22
What is the remainder when 269569 is divided by 24?
1
Calculate the remainder when 318586 is divided by 5.
1
What is the remainder when 9541 is divided by 318?
1
Calculate the remainder when 105373 is divided by 432.
397
What is the remainder when 9823 is divided by 633?
328
Calculate the remainder when 573 is divided by 428.
145
What is the remainder when 96 is divided by 13?
5
What is the remainder when 1886449 is divided by 313?
311
What is the remainder when 820 is divided by 233?
121
Calculate the remainder when 54086 is divided by 644.
634
What is the remainder when 2574 is divided by 212?
30
What is the remainder when 117773 is divided by 1033?
11
What is the remainder when 992 is divided by 111?
104
Calculate the remainder when 16687 is divided by 1854.
1
What is the remainder when 37647 is divided by 150?
147
Calculate the remainder when 1918 is divided by 18.
10
Calculate the remainder when 643211 is divided by 612.
611
What is the remainder when 20705 is divided by 3?
2
What is the remainder when 2090 is divided by 94?
22
Calculate the remainder when 40151 is divided by 981.
911
What is the remainder when 10705 is divided by 122?
91
What is the remainder when 2002 is divided by 32?
18
Calculate the remainder when 9676 is divided by 461.
456
Calculate the remainder when 1212350 is divided by 8.
6
What is the remainder when 10315 is divided by 5008?
299
What is the remainder when 161909 is divided by 32381?
4
Calculate the remainder when 15669 is divided by 15661.
8
What is the remainder when 9512 is divided by 1849?
267
Calculate the remainder when 28495 is divided by 198.
181
Calculate the remainder when 29276 is divided by 29253.
23
Calculate the remainder when 430201 is divided by 71700.
1
Calculate the remainder when 2444 is divided by 942.
560
Calculate the remainder when 2451 is divided by 815.
6
What is the remainder when 150187 is divided by 11?
4
Calculate the remainder when 701173 is divided by 203.
11
Calculate the remainder when 7997 is divided by 570.
17
What is the remainder when 943014 is divided by 37?
32
What is the remainder when 481138 is divided by 96226?
8
What is the remainder when 212143 is divided by 106064?
15
What is the remainder when 3043 is divided by 907?
322
What is the remainder when 8608 is divided by 197?
137
Calculate the remainder when 623097 is divided by 59.
57
Calculate the remainder when 145978 is divided by 50.
28
What is the remainder when 1029 is divided by 409?
211
What is the remainder when 1794695 is divided by 25?
20
Calculate the r